 the greatest common factor of 78 and 8463?
39
What is the highest common divisor of 459 and 1479?
51
What is the highest common factor of 135 and 3?
3
What is the highest common divisor of 170 and 190?
10
Calculate the highest common factor of 102 and 21250.
34
Calculate the highest common factor of 3 and 2661.
3
Calculate the greatest common factor of 2926 and 494.
38
Calculate the greatest common factor of 30 and 1047.
3
What is the greatest common factor of 17589 and 55?
11
What is the highest common divisor of 16 and 3268?
4
Calculate the greatest common divisor of 144 and 216.
72
What is the highest common divisor of 6787 and 11?
11
What is the greatest common divisor of 14 and 28?
14
What is the highest common factor of 108 and 72?
36
What is the greatest common factor of 1128 and 1104?
24
Calculate the greatest common factor of 120 and 1980.
60
Calculate the highest common factor of 6286 and 42.
14
What is the highest common divisor of 608 and 114?
38
What is the highest common divisor of 216 and 13032?
72
Calculate the highest common divisor of 1 and 19.
1
What is the greatest common factor of 220 and 44?
44
What is the highest common divisor of 147 and 77?
7
What is the greatest common divisor of 336 and 6132?
84
What is the highest common divisor of 105 and 1400?
35
Calculate the greatest common divisor of 39 and 69303.
39
Calculate the highest common divisor of 96 and 3552.
96
What is the greatest common divisor of 15 and 2?
1
What is the highest common divisor of 2175 and 493?
29
Calculate the greatest common divisor of 185 and 148.
37
Calculate the highest common factor of 81 and 567.
81
What is the highest common factor of 24 and 888?
24
What is the greatest common factor of 26 and 689?
13
What is the greatest common factor of 18511 and 107?
107
Calculate the greatest common divisor of 2121 and 42.
21
Calculate the highest common factor of 3116 and 532.
76
Calculate the highest common divisor of 68 and 5508.
68
Calculate the greatest common factor of 780 and 20.
20
What is the greatest common divisor of 27 and 360?
9
What is the greatest common divisor of 35 and 273?
7
What is the greatest common factor of 6407 and 301?
43
What is the greatest common factor of 630 and 360?
90
Calculate the greatest common divisor of 182 and 29211.
91
Calculate the greatest common divisor of 536 and 56.
8
What is the greatest common factor of 34 and 4454?
34
Calculate the highest common divisor of 4880 and 240.
80
Calculate the highest common divisor of 884 and 2132.
52
What is the highest common divisor of 297 and 3223?
11
What is the greatest common factor of 304 and 76456?
152
Calculate the highest common factor of 90 and 36.
18
What is the greatest common factor of 10115 and 70?
35
What is the greatest common divisor of 2 and 1762?
2
What is the highest common divisor of 162 and 144?
18
What is the highest common factor of 81 and 3465?
9
Calculate the highest common factor of 101 and 1111.
101
Calculate the greatest common divisor of 164 and 16.
4
Calculate the greatest common factor of 2599 and 226.
113
What is the highest common factor of 4995 and 370?
185
What is the greatest common divisor of 9 and 720?
9
Calculate the greatest common factor of 70 and 1904.
14
What is the greatest common divisor of 37026 and 198?
198
Calculate the greatest common factor of 1679 and 69.
23
Calculate the highest common divisor of 1632 and 864.
96
What is the highest common factor of 1430 and 65?
65
Calculate the greatest common factor of 2916 and 48.
12
Calculate the highest common factor of 81 and 5508.
81
Calculate the greatest common factor of 312 and 1032.
24
Calculate the highest common divisor of 273 and 336.
21
What is the greatest common factor of 48 and 2032?
16
What is the greatest common divisor of 551 and 76?
19
What is the highest common divisor of 357 and 952?
119
What is the greatest common divisor of 39 and 52?
13
What is the highest common factor of 22022 and 22?
22
What is the greatest common divisor of 11 and 374?
11
What is the highest common factor of 2686 and 1738?
158
Calculate the highest common factor of 574 and 28.
14
What is the highest common factor of 169 and 104?
13
Calculate the greatest common factor of 4 and 420.
4
Calculate the highest common divisor of 2235 and 510.
15
Calculate the greatest common divisor of 16 and 28.
4
Calculate the highest common factor of 246 and 3.
3
Calculate the greatest common factor of 64 and 7776.
32
What is the highest common divisor of 4 and 4260?
4
What is the highest common factor of 213 and 17679?
213
What is the greatest common factor of 1 and 1?
1
Calculate the highest common factor of 2085 and 90.
15
Calculate the greatest common divisor of 35 and 30.
5
What is the greatest common divisor of 8 and 22?
2
Calculate the highest common divisor of 108 and 80.
4
What is the highest common divisor of 90 and 4005?
45
What is the greatest common factor of 29 and 145?
29
What is the highest common factor of 424 and 152?
8
Calculate the greatest common factor of 28 and 175.
7
What is the highest common factor of 16 and 1328?
16
What is the highest common divisor of 264 and 72?
24
What is the greatest common divisor of 26 and 442?
26
What is the greatest common factor of 16 and 80?
16
What is the highest common divisor of 224 and 7?
7
What is the greatest common factor of 305 and 10?
5
What is the highest common factor of 4209 and 732?
183
Calculate the highest common divisor of 126 and 5894.
14
Calculate the greatest common divisor of 4558 and 258.
86
Calculate the highest common divisor of 17 and 255.
17
What is the highest common divisor of 6650 and 875?
175
What is the greatest common factor of 13983 and 118?
59
Calculate the highest common factor of 120 and 264.
24
What is the highest common divisor of 370 and 666?
74
Calculate the highest common divisor of 516 and 204.
12
Calculate the greatest common divisor of 135 and 120.
15
What is the greatest common divisor of 575 and 23?
23
What is the greatest common factor of 98 and 63?
7
Calculate the highest common divisor of 594 and 22.
22
What is the greatest common factor of 25 and 700?
25
Calculate the highest common divisor of 2684 and 1012.
44
Calculate the highest common divisor of 5550 and 150.
150
Calculate the highest common factor of 147 and 777.
21
Calculate the greatest common factor of 250 and 160.
10
What is the highest common factor of 13189 and 121?
121
Calculate the highest common divisor of 858 and 117.
39
What is the greatest common divisor of 323 and 57?
19
Calculate the greatest common factor of 243 and 189.
27
What is the greatest common divisor of 1463 and 8569?
209
What is the highest common divisor of 242 and 22?
22
Calculate the greatest common divisor of 180 and 85.
5
What is the highest common factor of 152 and 1482?
38
What is the greatest common divisor of 8502 and 109?
109
Calculate the greatest common divisor of 85 and 391.
17
Calculate the highest common factor of 272 and 493.
17
Calculate the highest common divisor of 144 and 132.
12
Calculate the highest common factor of 116 and 290.
58
Calculate the greatest common divisor of 323 and 119.
17
What is the highest common factor of 13080 and 120?
120
What is the greatest common divisor of 63 and 7?
7
Calculate the highest common divisor of 5 and 1835.
5
Calculate the greatest common divisor of 4389 and 21.
21
Calculate the highest common divisor of 64 and 48.
16
What is the highest common factor of 5 and 5215?
5
What is the greatest common divisor of 484 and 132?
44
What is the greatest common divisor of 962 and 26?
26
Calculate the highest common factor of 14 and 22.
2
What is the greatest common divisor of 989 and 129?
43
Calculate the greatest common divisor of 588 and 7.
7
Calculate the greatest common divisor of 180 and 450.
90
What is the greatest common divisor of 8798 and 212?
106
What is the highest common divisor of 68 and 170?
34
What is the highest common divisor of 2 and 494?
2
Calculate the greatest common factor of 134 and 67.
67
What is the highest common factor of 273 and 1743?
21
Calculate the greatest common divisor of 4 and 934.
2
Calculate the greatest common divisor of 17 and 272.
17
Calculate the greatest common factor of 297 and 27.
27
Ca